{"id":248,"date":"2017-06-23T21:51:50","date_gmt":"2017-06-23T19:51:50","guid":{"rendered":"http:\/\/oasis.escaut.fr\/?page_id=248"},"modified":"2019-09-06T19:18:05","modified_gmt":"2019-09-06T17:18:05","slug":"pedagogie","status":"publish","type":"page","link":"https:\/\/oasis.escaut.fr\/?page_id=248","title":{"rendered":"P\u00e9dagogie"},"content":{"rendered":"<div style=\"width: 710px\" class=\"wp-caption aligncenter\"><img data-recalc-dims=\"1\" loading=\"lazy\" decoding=\"async\" class=\"size-medium\" src=\"https:\/\/i0.wp.com\/www.cineteleandco.fr\/wp-content\/uploads\/2015\/07\/sc0760_sh105_jcp_v01_L_1835_copie.jpg?resize=700%2C303\" width=\"700\" height=\"303\"><p class=\"wp-caption-text\">image du film \u00ab&nbsp;Le Petit Prince&nbsp;\u00bb r\u00e9alis\u00e9 par Mark Osborne (sorti en 2015), d&rsquo;apr\u00e8s l\u2019\u0153uvre d\u2019Antoine de Saint-Exup\u00e9ry (publi\u00e9e en 1943)<\/p><\/div>\n<p align=\"justify\">&nbsp;<\/p>\n<p align=\"justify\">Notre P\u00e9dagogie<\/p>\n<p align=\"justify\">1. <span lang=\"fr-FR\">Des outils ludiques et de la d\u00e9couverte&nbsp;: <\/span><span lang=\"fr-FR\">gr\u00e2ce aux m\u00e9thodes ludiques, <\/span><span lang=\"fr-FR\">nos offres p\u00e9dagogiques promeuvent <\/span><span lang=\"fr-FR\">les exp\u00e9riences positives, la joie <\/span><span lang=\"fr-FR\">et <\/span><span lang=\"fr-FR\">le plaisir, <\/span><span lang=\"fr-FR\">qui sont indispensable pour une apprentissage durable.<\/span><\/p>\n<p align=\"justify\"><span lang=\"fr-FR\">2. Une p\u00e9dagogie positive&nbsp;: <\/span><span lang=\"fr-FR\">nous <\/span><span lang=\"fr-FR\">nous <\/span><span lang=\"fr-FR\">focalisons <\/span><span lang=\"fr-FR\">sur les alternatives et des outils pour une transition<\/span><span lang=\"fr-FR\">,<\/span> <span lang=\"fr-FR\">plut\u00f4t que<\/span> <span lang=\"fr-FR\">sur <\/span><span lang=\"fr-FR\">les probl\u00e8mes<\/span><span lang=\"fr-FR\">.<\/span><\/p>\n<p lang=\"fr-FR\" align=\"justify\">3. Interaction et participation&nbsp;: gr\u00e2ce aux m\u00e9thodes interactives et participatives, nos offres p\u00e9dagogiques encouragent l\u2019observation, l\u2019investigation, la d\u00e9couverte et le d\u00e9veloppement de l\u2019esprit critique, du respect mutuel et de l\u2019empathie.<\/p>\n<p align=\"justify\"><span lang=\"fr-FR\">4. <\/span><span lang=\"fr-FR\">R<\/span><span lang=\"fr-FR\">elation au monde environnant&nbsp;: <\/span><span lang=\"fr-FR\">nos outils p\u00e9dagogiques <\/span><span lang=\"fr-FR\">sont <\/span><span lang=\"fr-FR\">proches <\/span><span lang=\"fr-FR\">de<\/span><span lang=\"fr-FR\"> la vie tous les jours et <\/span><span lang=\"fr-FR\">permettent aux participants de comprendre la signification du contenu pour <\/span><span lang=\"fr-FR\">l<\/span><span lang=\"fr-FR\">eur<\/span><span lang=\"fr-FR\"> vie quotidienne.<\/span><\/p>\n<p lang=\"fr-FR\" align=\"justify\">5. Nous sommes tous des apprentis&nbsp;: Nous consid\u00e9rons que les participants et nous-m\u00eames sont toujours en train de changer (id\u00e9es, pens\u00e9es, habitudes, etc.), car nous vivons dans un monde qui est en mouvement permanent. Nous avons le droit \u00e0 l\u2019erreur et \u00e0 nous d\u00e9velopper gr\u00e2ce \u00e0 une remise en question personnelle.<\/p>\n<p lang=\"fr-FR\" align=\"justify\"><img data-recalc-dims=\"1\" loading=\"lazy\" decoding=\"async\" class=\"aligncenter size-medium\" src=\"https:\/\/i0.wp.com\/eduscol.education.fr\/experitheque\/photos\/14520.jpg?resize=586%2C395\" width=\"586\" height=\"395\"><\/p>\n","protected":false},"excerpt":{"rendered":"<p>&nbsp; Notre P\u00e9dagogie 1. Des outils ludiques et de la d\u00e9couverte&nbsp;: gr\u00e2ce aux m\u00e9thodes ludiques, nos offres p\u00e9dagogiques promeuvent les exp\u00e9riences positives, la joie et le plaisir, qui sont indispensable pour une apprentissage durable. 2. Une p\u00e9dagogie positive&nbsp;: nous nous focalisons sur les alternatives et des outils pour une transition, plut\u00f4t que sur les probl\u00e8mes. <a class=\"more-link\" href=\"https:\/\/oasis.escaut.fr\/?page_id=248\">afficher la suite&#8230;<\/a><\/p>\n","protected":false},"author":2,"featured_media":0,"parent":97,"menu_order":0,"comment_status":"closed","ping_status":"closed","template":"","meta":{"jetpack_post_was_ever_published":false,"footnotes":""},"class_list":["post-248","page","type-page","status-publish","hentry"],"jetpack_sharing_enabled":true,"jetpack_shortlink":"https:\/\/wp.me\/P9CjDu-40","jetpack_likes_enabled":true,"jetpack-related-posts":[],"_links":{"self":[{"href":"https:\/\/oasis.escaut.fr\/index.php?rest_route=\/wp\/v2\/pages\/248","targetHints":{"allow":["GET"]}}],"collection":[{"href":"https:\/\/oasis.escaut.fr\/index.php?rest_route=\/wp\/v2\/pages"}],"about":[{"href":"https:\/\/oasis.escaut.fr\/index.php?rest_route=\/wp\/v2\/types\/page"}],"author":[{"embeddable":true,"href":"https:\/\/oasis.escaut.fr\/index.php?rest_route=\/wp\/v2\/users\/2"}],"replies":[{"embeddable":true,"href":"https:\/\/oasis.escaut.fr\/index.php?rest_route=%2Fwp%2Fv2%2Fcomments&post=248"}],"version-history":[{"count":7,"href":"https:\/\/oasis.escaut.fr\/index.php?rest_route=\/wp\/v2\/pages\/248\/revisions"}],"predecessor-version":[{"id":590,"href":"https:\/\/oasis.escaut.fr\/index.php?rest_route=\/wp\/v2\/pages\/248\/revisions\/590"}],"up":[{"embeddable":true,"href":"https:\/\/oasis.escaut.fr\/index.php?rest_route=\/wp\/v2\/pages\/97"}],"wp:attachment":[{"href":"https:\/\/oasis.escaut.fr\/index.php?rest_route=%2Fwp%2Fv2%2Fmedia&parent=248"}],"curies":[{"name":"wp","href":"https:\/\/api.w.org\/{rel}","templated":true}]}}