{"id":28,"date":"2017-03-30T11:08:44","date_gmt":"2017-03-30T09:08:44","guid":{"rendered":"http:\/\/escaut.fr\/?page_id=28"},"modified":"2017-04-03T17:46:42","modified_gmt":"2017-04-03T15:46:42","slug":"team-2","status":"publish","type":"page","link":"https:\/\/oasis.escaut.fr\/?page_id=28&lang=de","title":{"rendered":"Team"},"content":{"rendered":"<p><strong>Djamilah Akhzarati<\/strong><\/p>\n<p>Djamilah hat einen Master in Sustainability Science und arbeitet seit einiger Zeit in der politischen und transkulturellen Bildung mit Kindern und jungen Erwachsenen. Die aktivistische Arbeit (f\u00fcr die Umwelt, gegen Rassismus und Sexismus sowie Empowermentarbeit) haben sie gelehrt, dass sie am meisten Selbstliebe und Gl\u00fcck erf\u00e4hrt, wenn sie in der Natur ist. Ihr gr\u00f6\u00dftes Self-Empowerment ist es, Gem\u00fcse selbst anzubauen, naturnah mit Tieren zu leben und ihr Wissen p\u00e4dagogisch weiterzugeben.<br \/>\nDjamilah hat ein Faible f\u00fcr&rsquo;s Ausprobieren von neuen (z.T. ausgedachten) Rezepten, sie liebt kr\u00e4ftige Farben im Essen (am liebsten roh und frisch!) und ist leidenschaftliche L\u00e4uferin.<\/p>\n<p><strong>Maxence Bourel<\/strong><\/p>\n<p>Maxence ist studierter Stadtplaner mit Spezialisierung in nachhaltiger Wasserwirtschaft und engagiert sich seit einiger Zeit in der Umweltbildung.<\/p>\n","protected":false},"excerpt":{"rendered":"<p>Djamilah Akhzarati Djamilah hat einen Master in Sustainability Science und arbeitet seit einiger Zeit in der politischen und transkulturellen Bildung mit Kindern und jungen Erwachsenen. Die aktivistische Arbeit (f\u00fcr die Umwelt, gegen Rassismus und Sexismus sowie Empowermentarbeit) haben sie gelehrt, dass sie am meisten Selbstliebe und Gl\u00fcck erf\u00e4hrt, wenn sie in der Natur ist. Ihr <a class=\"more-link\" href=\"https:\/\/oasis.escaut.fr\/?page_id=28&#038;lang=de\">afficher la suite&#8230;<\/a><\/p>\n","protected":false},"author":2,"featured_media":0,"parent":0,"menu_order":0,"comment_status":"closed","ping_status":"closed","template":"","meta":{"jetpack_post_was_ever_published":false,"footnotes":""},"class_list":["post-28","page","type-page","status-publish","hentry"],"jetpack_sharing_enabled":true,"jetpack_shortlink":"https:\/\/wp.me\/P9CjDu-s","jetpack_likes_enabled":true,"jetpack-related-posts":[],"_links":{"self":[{"href":"https:\/\/oasis.escaut.fr\/index.php?rest_route=\/wp\/v2\/pages\/28","targetHints":{"allow":["GET"]}}],"collection":[{"href":"https:\/\/oasis.escaut.fr\/index.php?rest_route=\/wp\/v2\/pages"}],"about":[{"href":"https:\/\/oasis.escaut.fr\/index.php?rest_route=\/wp\/v2\/types\/page"}],"author":[{"embeddable":true,"href":"https:\/\/oasis.escaut.fr\/index.php?rest_route=\/wp\/v2\/users\/2"}],"replies":[{"embeddable":true,"href":"https:\/\/oasis.escaut.fr\/index.php?rest_route=%2Fwp%2Fv2%2Fcomments&post=28"}],"version-history":[{"count":1,"href":"https:\/\/oasis.escaut.fr\/index.php?rest_route=\/wp\/v2\/pages\/28\/revisions"}],"predecessor-version":[{"id":29,"href":"https:\/\/oasis.escaut.fr\/index.php?rest_route=\/wp\/v2\/pages\/28\/revisions\/29"}],"wp:attachment":[{"href":"https:\/\/oasis.escaut.fr\/index.php?rest_route=%2Fwp%2Fv2%2Fmedia&parent=28"}],"curies":[{"name":"wp","href":"https:\/\/api.w.org\/{rel}","templated":true}]}}