{"id":340,"date":"2017-08-22T17:44:44","date_gmt":"2017-08-22T15:44:44","guid":{"rendered":"http:\/\/oasis.escaut.fr\/?page_id=340"},"modified":"2017-08-22T17:51:55","modified_gmt":"2017-08-22T15:51:55","slug":"logo","status":"publish","type":"page","link":"https:\/\/oasis.escaut.fr\/?page_id=340","title":{"rendered":"Logo"},"content":{"rendered":"<p>&nbsp;<\/p>\n<p><a href=\"http:\/\/oasis.escaut.fr\/wp-content\/uploads\/2017\/08\/OE_logo.svg\" target=\"_blank\" rel=\"noopener\"><img data-recalc-dims=\"1\" loading=\"lazy\" decoding=\"async\" data-attachment-id=\"341\" data-permalink=\"https:\/\/oasis.escaut.fr\/?attachment_id=341#main\" data-orig-file=\"https:\/\/i0.wp.com\/oasis.escaut.fr\/wp-content\/uploads\/2017\/08\/logo-escaut_original_mini.png?fit=600%2C600&amp;ssl=1\" data-orig-size=\"600,600\" data-comments-opened=\"1\" data-image-meta=\"{&quot;aperture&quot;:&quot;0&quot;,&quot;credit&quot;:&quot;&quot;,&quot;camera&quot;:&quot;&quot;,&quot;caption&quot;:&quot;&quot;,&quot;created_timestamp&quot;:&quot;0&quot;,&quot;copyright&quot;:&quot;&quot;,&quot;focal_length&quot;:&quot;0&quot;,&quot;iso&quot;:&quot;0&quot;,&quot;shutter_speed&quot;:&quot;0&quot;,&quot;title&quot;:&quot;&quot;,&quot;orientation&quot;:&quot;0&quot;}\" data-image-title=\"logo-escaut_original_mini\" data-image-description=\"\" data-image-caption=\"\" data-medium-file=\"https:\/\/i0.wp.com\/oasis.escaut.fr\/wp-content\/uploads\/2017\/08\/logo-escaut_original_mini.png?fit=300%2C300&amp;ssl=1\" data-large-file=\"https:\/\/i0.wp.com\/oasis.escaut.fr\/wp-content\/uploads\/2017\/08\/logo-escaut_original_mini.png?fit=600%2C600&amp;ssl=1\" class=\"aligncenter wp-image-341 size-full\" src=\"https:\/\/i0.wp.com\/oasis.escaut.fr\/wp-content\/uploads\/2017\/08\/logo-escaut_original_mini.png?resize=600%2C600\" alt=\"\" width=\"600\" height=\"600\" srcset=\"https:\/\/i0.wp.com\/oasis.escaut.fr\/wp-content\/uploads\/2017\/08\/logo-escaut_original_mini.png?w=600&amp;ssl=1 600w, https:\/\/i0.wp.com\/oasis.escaut.fr\/wp-content\/uploads\/2017\/08\/logo-escaut_original_mini.png?resize=150%2C150&amp;ssl=1 150w, https:\/\/i0.wp.com\/oasis.escaut.fr\/wp-content\/uploads\/2017\/08\/logo-escaut_original_mini.png?resize=300%2C300&amp;ssl=1 300w, https:\/\/i0.wp.com\/oasis.escaut.fr\/wp-content\/uploads\/2017\/08\/logo-escaut_original_mini.png?resize=200%2C200&amp;ssl=1 200w\" sizes=\"auto, (max-width: 600px) 100vw, 600px\" \/><\/a><\/p>\n<p><strong>Repr\u00e9sentation:<\/strong><\/p>\n<p>Il s&rsquo;agit d&rsquo;un \u00e9cusson, comportant le nom de l&rsquo;association entourant une feuille de <a href=\"https:\/\/www.natureetabondance.fr\/tilleul-meilleur-ami-de-lhomme\/\" target=\"_blank\" rel=\"noopener\">tilleul<\/a>.<\/p>\n<p>&nbsp;<\/p>\n<p><strong>Remerciements :<\/strong><\/p>\n<p>Notre logo \u00e0 \u00e9t\u00e9 r\u00e9alis\u00e9 par <a href=\"https:\/\/www.facebook.com\/messages\/t\/mathilde.hentz\/\" target=\"_blank\" rel=\"noopener\">Mathilde Hentz<\/a> (diplom\u00e9 \u00e0 l&rsquo;<a href=\"http:\/\/www.esac-cambrai.net\/\" target=\"_blank\" rel=\"noopener\">ESAC<\/a>), dans le cadre de sa participation \u00e0 l&rsquo;un de nos ateliers.<\/p>\n<p>Merci Mathilde\u00a0!<\/p>\n<p>Il a \u00e9t\u00e9 retenu par les <a href=\"https:\/\/caravane.sgdf.fr\" target=\"_blank\" rel=\"noopener\">Pionniers-Caravelles<\/a> de Caudry,\u00a0parmi une s\u00e9lection de logos.<\/p>\n<p>Merci \u00e0 eux !<\/p>\n","protected":false},"excerpt":{"rendered":"<p>&nbsp; Repr\u00e9sentation: Il s&rsquo;agit d&rsquo;un \u00e9cusson, comportant le nom de l&rsquo;association entourant une feuille de tilleul. &nbsp; Remerciements : Notre logo \u00e0 \u00e9t\u00e9 r\u00e9alis\u00e9 par Mathilde Hentz (diplom\u00e9 \u00e0 l&rsquo;ESAC), dans le cadre de sa participation \u00e0 l&rsquo;un de nos ateliers. Merci Mathilde\u00a0! Il a \u00e9t\u00e9 retenu par les Pionniers-Caravelles de Caudry,\u00a0parmi une s\u00e9lection de <a class=\"more-link\" href=\"https:\/\/oasis.escaut.fr\/?page_id=340\">afficher la suite&#8230;<\/a><\/p>\n","protected":false},"author":1,"featured_media":328,"parent":330,"menu_order":0,"comment_status":"closed","ping_status":"closed","template":"","meta":{"jetpack_post_was_ever_published":false,"footnotes":""},"class_list":["post-340","page","type-page","status-publish","has-post-thumbnail","hentry"],"jetpack_sharing_enabled":true,"jetpack_shortlink":"https:\/\/wp.me\/P9CjDu-5u","jetpack_likes_enabled":true,"jetpack-related-posts":[],"_links":{"self":[{"href":"https:\/\/oasis.escaut.fr\/index.php?rest_route=\/wp\/v2\/pages\/340","targetHints":{"allow":["GET"]}}],"collection":[{"href":"https:\/\/oasis.escaut.fr\/index.php?rest_route=\/wp\/v2\/pages"}],"about":[{"href":"https:\/\/oasis.escaut.fr\/index.php?rest_route=\/wp\/v2\/types\/page"}],"author":[{"embeddable":true,"href":"https:\/\/oasis.escaut.fr\/index.php?rest_route=\/wp\/v2\/users\/1"}],"replies":[{"embeddable":true,"href":"https:\/\/oasis.escaut.fr\/index.php?rest_route=%2Fwp%2Fv2%2Fcomments&post=340"}],"version-history":[{"count":6,"href":"https:\/\/oasis.escaut.fr\/index.php?rest_route=\/wp\/v2\/pages\/340\/revisions"}],"predecessor-version":[{"id":348,"href":"https:\/\/oasis.escaut.fr\/index.php?rest_route=\/wp\/v2\/pages\/340\/revisions\/348"}],"up":[{"embeddable":true,"href":"https:\/\/oasis.escaut.fr\/index.php?rest_route=\/wp\/v2\/pages\/330"}],"wp:featuredmedia":[{"embeddable":true,"href":"https:\/\/oasis.escaut.fr\/index.php?rest_route=\/wp\/v2\/media\/328"}],"wp:attachment":[{"href":"https:\/\/oasis.escaut.fr\/index.php?rest_route=%2Fwp%2Fv2%2Fmedia&parent=340"}],"curies":[{"name":"wp","href":"https:\/\/api.w.org\/{rel}","templated":true}]}}