{"id":85,"date":"2017-05-12T11:33:22","date_gmt":"2017-05-12T09:33:22","guid":{"rendered":"http:\/\/oasis.escaut.fr\/?page_id=85"},"modified":"2019-09-06T19:20:25","modified_gmt":"2019-09-06T17:20:25","slug":"recuperation","status":"publish","type":"page","link":"https:\/\/oasis.escaut.fr\/?page_id=85","title":{"rendered":"R\u00e9cup\u00e9ration"},"content":{"rendered":"<p>Si vous habitez dans les environs de l&rsquo;Oasis, nous vous invitons \u00e0 nous rapporter (ou mettre \u00e0 disposition) ces mati\u00e8res premi\u00e8res:<\/p>\n<p>\u2014 Reste de fruits &amp; l\u00e9gumes crus (ab\u00eem\u00e9s, \u00e9pluchures\u2026) (pour les animaux)<\/p>\n<p>\u2014 Reste de pain (pour les animaux)<\/p>\n<p>\u2014 Marc de caf\u00e9 (pour le jardin)<\/p>\n<p>\u2014 Tontes (pour le paillage)<\/p>\n<p>\u2014 Branches &amp; Bambous (pour le paillage et les constructions)<\/p>\n<p>\u2014 R\u00e9cipients en verre avec couvercle ou bouchon (pour le stockage alimentaire)<\/p>\n<p>\u2014 Journaux (pour les activit\u00e9s manuelles)<\/p>\n<p>\u2014 Cartons (pour le paillage et les activit\u00e9s manuelles)<\/p>\n<p>\u2014 Cagettes (pour les activit\u00e9s manuelles)<\/p>\n<p>\u2014 Palettes\u00a0(pour les constructions)<\/p>\n<p>\u2014 Cendres (pour le jardin)<\/p>\n<p>Merci d&rsquo;avance, cela nous sera bien utile.<\/p>\n<p>Si vous pensez \u00e0 d&rsquo;autres choses qui pourraient nous servir, pensez \u00e0 nous en parler avant de les ramener sur le lieu. (Rubrique Nous contacter)<\/p>\n","protected":false},"excerpt":{"rendered":"<p>Si vous habitez dans les environs de l&rsquo;Oasis, nous vous invitons \u00e0 nous rapporter (ou mettre \u00e0 disposition) ces mati\u00e8res premi\u00e8res: \u2014 Reste de fruits &amp; l\u00e9gumes crus (ab\u00eem\u00e9s, \u00e9pluchures\u2026) (pour les animaux) \u2014 Reste de pain (pour les animaux) \u2014 Marc de caf\u00e9 (pour le jardin) \u2014 Tontes (pour le paillage) \u2014 Branches &amp; <a class=\"more-link\" href=\"https:\/\/oasis.escaut.fr\/?page_id=85\">afficher la suite&#8230;<\/a><\/p>\n","protected":false},"author":1,"featured_media":0,"parent":0,"menu_order":0,"comment_status":"closed","ping_status":"closed","template":"","meta":{"jetpack_post_was_ever_published":false,"footnotes":""},"class_list":["post-85","page","type-page","status-publish","hentry"],"jetpack_sharing_enabled":true,"jetpack_shortlink":"https:\/\/wp.me\/P9CjDu-1n","jetpack_likes_enabled":true,"jetpack-related-posts":[],"_links":{"self":[{"href":"https:\/\/oasis.escaut.fr\/index.php?rest_route=\/wp\/v2\/pages\/85","targetHints":{"allow":["GET"]}}],"collection":[{"href":"https:\/\/oasis.escaut.fr\/index.php?rest_route=\/wp\/v2\/pages"}],"about":[{"href":"https:\/\/oasis.escaut.fr\/index.php?rest_route=\/wp\/v2\/types\/page"}],"author":[{"embeddable":true,"href":"https:\/\/oasis.escaut.fr\/index.php?rest_route=\/wp\/v2\/users\/1"}],"replies":[{"embeddable":true,"href":"https:\/\/oasis.escaut.fr\/index.php?rest_route=%2Fwp%2Fv2%2Fcomments&post=85"}],"version-history":[{"count":8,"href":"https:\/\/oasis.escaut.fr\/index.php?rest_route=\/wp\/v2\/pages\/85\/revisions"}],"predecessor-version":[{"id":591,"href":"https:\/\/oasis.escaut.fr\/index.php?rest_route=\/wp\/v2\/pages\/85\/revisions\/591"}],"wp:attachment":[{"href":"https:\/\/oasis.escaut.fr\/index.php?rest_route=%2Fwp%2Fv2%2Fmedia&parent=85"}],"curies":[{"name":"wp","href":"https:\/\/api.w.org\/{rel}","templated":true}]}}